factors of y(-20).
739
Let v(c) = -4*c**3 - c**2 + c - 3. Let k(r) = -r**3 - 1. Let s(w) = -3*k(w) + v(w). What are the prime factors of s(-4)?
2, 11
Suppose 14*h - 4*h - 4020 = 0. What are the prime factors of h?
2, 3, 67
Let x be (-1)/3 - 406/(-21). Suppose -v = 4*o - x, v = -v - 2*o + 68. What are the prime factors of v?
3, 13
Suppose 8 = -2*f - 2*w, -3*f + 0*f + w + 4 = 0. Suppose f*u - 10 = -2*a + 3*u, -u = -4. Suppose -o + a = -2. List the prime factors of o.
13
Let f = 49 - 116. Let o = 32 + -20. List the prime factors of (-2)/o + f/(-6).
11
Let o = 10 - 7. Suppose -84 = -4*c + 4*b, -o*b = -6*c + 5*c + 31. List the prime factors of (12/(-10))/(c/(-40)).
3
Let t be ((-1500)/(-35))/(2/14). Suppose -5*m = -4*u - t, 214 = -0*m + 4*m + 2*u. What are the prime factors of m?
2, 7
Let d be 120 + -6 + 0 + 3. Let a be 2/9 - (-208)/d. Suppose 6*j = -a*j + 456. List the prime factors of j.
3, 19
Let o = -10 + -10. Let l = o + 25. Suppose 0*c = l*c - 150. List the prime factors of c.
2, 3, 5
Suppose 2*u - 6 = -16, 0 = 4*a - 4*u - 16. Let g be (10 - 0)/(-2 - a). List the prime factors of 0 + 18 + g/5.
2
Suppose b + 3*a = 3, 9 = 3*b - 0*b + a. Suppose -4*t + 20 = -3*u, -b*t = -t - u - 8. Suppose j + 16 = t*j. What are the prime factors of j?
2
Suppose 23*u = 2945 + 7750. List the prime factors of u.
3, 5, 31
Suppose w = -q + 18, 0*w = -5*q + 4*w + 108. Suppose -4*f + 3*a + q = 0, -2*f - 4*a = f + 10. Suppose -f*h + 10 + 22 = 0. List the prime factors of h.
2
Suppose -r + 2*c - 6 = -14, 0 = 5*r - 5*c - 30. Suppose 28 = -30*m + 28. Suppose m = -h + r + 10. List the prime factors of h.
2, 7
Let d be (1 + -9)*32/(-4). Suppose -58 = -2*m + d. List the prime factors of m.
61
Let o(k) be the second derivative of 7*k**3/2 - 7*k. Let t be o(1). Suppose t = -4*h + 189. What are the prime factors of h?
2, 3, 7
Suppose -116 = 6*q - 10*q. Suppose 4*a + 92 = 3*f, f + 0*f - q = a. Suppose -9 = -x + f. What are the prime factors of x?
3, 11
Suppose -j + 2*r + 863 = 231, j + 2*r = 632. List the prime factors of j.
2, 79
Let v(d) = 78*d - 763. What are the prime factors of v(56)?
5, 7, 103
What are the prime factors of -5 + ((-6214)/(-52))/(1/6)?
2, 89
Suppose 3*o = -k + 6*o + 93, -3*k + 295 = -o. List the prime factors of k.
3, 11
Let j = 1855 + -288. List the prime factors of j.
1567
Let p(z) = -z**3 - 10*z**2 - 9*z - 7. Let f be p(-9). Let d = f + 13. What are the prime factors of d?
2, 3
Let l(w) = w**3 + 13*w**2 + 12*w + 21. Let m be l(-12). Let n(h) = 19*h + 4. Let u be n(-5). List the prime factors of u/(-3) - 7/m.
2, 3, 5
What are the prime factors of (2/10)/(9/44190)?
2, 491
Let d be 5 + -1 - (-276)/(2 + -8). Let p = 171 - d. List the prime factors of p.
3, 71
Suppose x - 1975 = -d, 9864 = 5*x + 2*d - 11. List the prime factors of x.
5, 79
Suppose 3*b - 5*z + 3 = -0*z, -5*z + 2 = -2*b. Let g(f) = 7 - 4 - 1 - 3 + 4*f**2. List the prime factors of g(b).
3
Let x be -18*-9*1/(-6). Let l = -24 - x. Suppose l*a - 76 - 44 = 0. What are the prime factors of a?
2, 5
Let j(l) = -l**3 + 3*l**2 - 1. Let c be j(2). Suppose -c*x = -7*x + 428. List the prime factors of x.
107
Let g = 347 + -106. List the prime factors of g.
241
List the prime factors of (-1)/(14254/(-10686) - (-4)/3).
13, 137
Let y = 43 - 30. Let o = -10 + y. Suppose -7 = -g - h, 4*g - 22 = -o*h + 6. List the prime factors of g.
7
Let q(a) = 2*a**2 - 53*a + 5. Let w be 25 + 0 + 3 + -1. List the prime factors of q(w).
2
Suppose 0 = -b + 3*w - 7, 5*b - 1 = 2*w + w. Let x(a) be the second derivative of a**4/6 - a**3/3 - a**2/2 - 39*a. What are the prime factors of x(b)?
3
Let c = -23 + 20. List the prime factors of (-346)/(-4)*(-1 - c).
173
Let k be ((-2)/(-4))/((-3)/(-936)). Let g = -89 + k. List the prime factors of g.
67
Let d = -20 - -24. List the prime factors of (3 - -3 - d) + 69.
71
Suppose -3*a + 29 + 25 = 0. Suppose 0 = j - 4*p + a, -j - 3*p = -4*j - 9. What are the prime factors of j?
2
Let p(f) = -2*f**2 - 4 - 8*f - f**2 + 4*f**2. Let v be p(9). What are the prime factors of v + -3 - (1 - 18)?
19
Let g = -181 + 177. Let d(o) = -2*o + o**3 + 0*o**2 + o**2 + 1 + 7*o**2. List the prime factors of d(g).
73
Let u(k) be the second derivative of 2*k**3/3 + 5*k**2 - 2*k. Let x be u(-13). List the prime factors of ((-69)/2)/(x/56).
2, 23
Suppose -5*f - d - 663 = 0, 5*f + 791 - 134 = d. Let u = -44 - f. List the prime factors of u.
2, 11
Suppose -13*b + 15*b = 1176. Suppose 0 = -24*m + 20*m + b. What are the prime factors of m?
3, 7
Let t be 274/(-18) + 4/18. Let m = -6 - t. Let d(h) = -h**2 + 12*h. What are the prime factors of d(m)?
3
Suppose 527*c + 322 = 529*c. List the prime factors of c.
7, 23
Let k(g) = 53*g + 150. What are the prime factors of k(15)?
3, 5, 7
What are the prime factors of (293/2)/(13/208) - 8?
2, 73
Suppose 4*h - 14*f + 11*f = 204, -2*h + f = -104. Let q be (-3)/(-6)*(0 + 0). Suppose 3*t = -q*t + h. What are the prime factors of t?
2, 3
Let m = 488 - 268. List the prime factors of m/(-33)*(-2 - 21/3).
2, 3, 5
Suppose -1078 = 6*p - 3418. Suppose -41*v = -35*v - p. List the prime factors of v.
5, 13
Let z = -24 - -29. What are the prime factors of (98/z)/(4/20)?
2, 7
Suppose 0 = m, -r - m = -6*r + 3645. List the prime factors of r.
3
Let z = 5918 + -3594. List the prime factors of z.
2, 7, 83
Let h = -1243 + 2197. What are the prime factors of h?
2, 3, 53
Suppose -19*k = -14*k + 265. Suppose -135 = 5*f + 3*r, -5*r = -0*r. Let g = f - k. What are the prime factors of g?
2, 13
Suppose 17*t - 13146 = -4*t. List the prime factors of t.
2, 313
Let v(b) = -5*b**2 + 9*b - 44. Let u(j) = 14*j**2 - 27*j + 132. Let t(z) = -6*u(z) - 17*v(z). List the prime factors of t(-15).
2, 23
List the prime factors of (178/(-2))/(32/(-384)).
2, 3, 89
Suppose -5*n - 692 + 2313 = 3*u, -5*n = 4*u - 1623. What are the prime factors of n?
17, 19
Suppose 1239 = 3*r - 3*f + 207, 3*r + 2*f - 1042 = 0. Suppose r = -5*w - 24. Let t = -51 - w. List the prime factors of t.
23
Let o = 20 - 20. Let l(h) = h**2 + 63. What are the prime factors of l(o)?
3, 7
Suppose -3*u + 9 = -0*u. Let n be 2/4 + u/(-2). Let q = n + 25. List the prime factors of q.
2, 3
Suppose a - 5*a - 8 = 0. Let w be (-866)/(-10) - a/5. Let x = w - 52. What are the prime factors of x?
5, 7
Let c(q) = -q**3 + 2*q**2 - 3*q + 829. What are the prime factors of c(0)?
829
Suppose -4859*i - 4848 = -4861*i. What are the prime factors of i?
2, 3, 101
Let x(g) = -2*g**3 + 3*g**2 - 7*g - 2. Let y be x(-4). List the prime factors of 6 + -4 + 1 + y.
5, 41
Suppose -4*n + 8 = -0. Suppose n*f + 9 - 195 = 0. What are the prime factors of f?
3, 31
Suppose -2*m = 3*z - 1279, -5*m + 460 - 25 = z. Suppose 0 = -2*j + 7*j - z. List the prime factors of j.
5, 17
Suppose -3*a = -4*h + 12905, -14 = a - 11. What are the prime factors of h?
2, 13, 31
Suppose 5*t = -9*r + 4*r + 25, -4 = -r - 2*t. Suppose -i - 3*j = 3, -j = i + j + r. List the prime factors of i/(-14)*(7 + 0).
2, 3
Suppose -2*g - 5*f = g - 6491, -5*g - f + 10855 = 0. List the prime factors of g.
2, 3, 181
Let d be 2 + 0 - 1 - 17. Let p = -13 - d. Suppose -j + 80 = p*j. List the prime factors of j.
2, 5
Let h be (-825)/(-7) + (-2)/(-14). Suppose 4*j + 4*w - 184 = 0, -3*j + w + h = -0*w. What are the prime factors of j?
41
Let h(p) = p**2 - 13*p + 15. List the prime factors of h(-20).
3, 5
Let i be (732/8)/(2/(-4)). Let g = -110 - i. List the prime factors of g.
73
Let d be (364/(-13))/(0 + -2). Let u = -11 + 5. Let b = u + d. What are the prime factors of b?
2
Suppose -h = -5*s + 49, 7 - 63 = 2*h + 4*s. Suppose 24 = -5*u - 1. What are the prime factors of (u + 7)/((-4)/h)?
17
Suppose -t - 1 = -4*q, 3*t - 3*q - 29 = -2*t. Suppose -9 = -t*p + 208. What are the prime factors of p?
31
Suppose -3*c - 3*u - 1526 = -5840, -3*c - u + 4308 = 0. Suppose c = 12*j + 307. What are the prime factors of j?
2, 47
Suppose 11 = -g - 1. Let s be (4 - (-69)/g)*-16. List the prime factors of (54/7)/(4/s).
2, 3
Let y(d) = d**2 + 4*d - 7. Let z(f) = -2*f**2 - 30*f - 23. Let b be z(-14). What are the prime factors of y(b)?
2, 19
What are the prime factors of (-5)/(10/(-4)) - (6 + -420)?
2, 13
Suppose 743 + 877 = 9*s. List the prime factors of s.
2, 3, 5
Suppose -37*v + 21*v = -50736. What are the prime factors of v?
3, 7, 151
What are th